he units digit of y?
5
Suppose -1 = -p + 5*q, 3*p + 3*q = -2*p + 5. What is the units digit of ((-16)/(-6))/(p/3)?
8
Suppose -120 = -18*l + 13*l. What is the units digit of l?
4
Suppose -5*v + 298 = -282. What is the units digit of v?
6
Let x(s) = -2*s**2 - 4*s + 1. Let t(a) = -a**2 + 1. Let p(m) = -4*t(m) + x(m). Let w be p(4). What is the units digit of 1/2 - w/(-2)?
7
Let q(n) = n**2 + n + 1. Let l be q(-3). Suppose 2*c + 3 = l. Suppose -i + 4*s = c*i - 29, i = 5*s + 17. What is the units digit of i?
7
Suppose -10*m + 8*m + 92 = 0. What is the tens digit of m?
4
Suppose -4*a + 6 = -5*a. Suppose 0 = 3*u + u - 160. What is the units digit of u/6*a/(-5)?
8
What is the units digit of (6 + -5)*(0 - -20)?
0
Let o = -14 - -29. What is the tens digit of o?
1
Let h(y) = y**3 + 14*y**2 + 10*y - 9. Let c be h(-13). Let r = -10 + c. What is the tens digit of r?
2
Let j(p) = 5*p + 5*p**2 - p**2 - 5*p**2 - 5 - p. Let b be j(5). Let w = b + 21. What is the units digit of w?
1
Let y(n) be the third derivative of 0 + 0*n - 2*n**2 + 13/6*n**3 - 1/24*n**4. What is the units digit of y(8)?
5
Suppose w - 123 = -2*w. What is the units digit of w?
1
Let p = 51 + -20. What is the units digit of p?
1
Let m(f) = 8*f**2 - 4*f - 10. What is the tens digit of m(6)?
5
Let x = 25 + 0. Let w = -17 + x. What is the units digit of w?
8
Let i = 7 - -10. What is the tens digit of i?
1
Let t be 6/((-2)/((-4)/3)). Suppose 5*v = t*v. Suppose 0 = -2*m + 5*y - 1 - 8, v = -3*y + 15. What is the units digit of m?
8
Let v = 11 + 13. Suppose a + 26 = 4*r - 2*a, 2*r + 4*a = v. What is the units digit of r?
8
What is the tens digit of (13 + -2)*(-1 - -5)?
4
Let a = 65 - 25. What is the tens digit of a?
4
Let v = -105 - -178. What is the tens digit of v?
7
Let o be (8/(-10))/(1/(-5)). Suppose -o*q = -4 - 4. What is the units digit of q?
2
Let x be (-75)/6*8/(-10). Suppose 2*a + 13 = -5*s + 47, 3*s - 4*a - x = 0. What is the units digit of s?
6
Let r(v) = 9*v - 26. What is the units digit of r(18)?
6
Suppose 13 = 4*q - 7. Let h(f) = -f**2 - 5*f - 4. Let d be h(-3). Suppose -d*w + 3*v = 0, -w + 2*v - 16 = -q*w. What is the units digit of w?
3
Let t = 10 - -1. Let l = t - -9. What is the tens digit of l?
2
Suppose 3 = -3*c - 2*i, -3*c = 4*i + 3 + 6. What is the units digit of c?
1
Let y be (-3 - -16) + 2 + 0. Suppose 9*f = 4*f + y. What is the units digit of f?
3
Let o = -39 - -67. What is the tens digit of o?
2
Let c = -135 - -207. What is the units digit of c?
2
Let s = -18 + 45. What is the tens digit of s/45 + 244/10?
2
Suppose -u - 11 = -2*u. What is the units digit of u?
1
What is the tens digit of -3 + 24 + 3 + 0?
2
Let n be 1/(-2)*5*2. What is the tens digit of ((-96)/15)/(2/n)?
1
Let b be 3 + 7 - 3 - 2. Suppose b*s + k - 6*k = 90, 3*s = k + 58. What is the units digit of s?
0
Suppose -405 = -3*c - 3*l, -24 = -5*l + 1. What is the hundreds digit of c?
1
Let b(r) = r**3 + r**2 - 6*r + 13. What is the hundreds digit of b(6)?
2
Suppose -3*p = -84 - 81. Suppose 0 = -4*z - 4*x + 112, -p = -5*z + 5*x + 35. What is the tens digit of z?
2
Let x(u) = u**2 + 2*u + 303. What is the hundreds digit of x(0)?
3
What is the tens digit of -2 + (6 - 2) + 32?
3
Let w(j) = -j**2 - 4*j - 7. Let b be w(5). Let p = -35 - b. What is the units digit of p?
7
Let w(o) be the first derivative of o**3/3 - 3*o**2/2 - 13*o - 10. What is the tens digit of w(9)?
4
Let y(z) = z + 7*z - 6*z - 2 + 0*z. Suppose p - 3*a = a + 28, 2*a - 22 = -4*p. What is the units digit of y(p)?
4
Suppose 5*w = -4*z + 45, 0 = -5*z - 5*w + 3*w + 35. Suppose z*n - 5 + 0 = 0. What is the units digit of n?
1
Let u = -1 + 18. What is the tens digit of u?
1
Let h = 153 - -17. What is the units digit of h?
0
Suppose 0 = d + 3*d - 440. What is the hundreds digit of d?
1
Let i(f) = f**3 + f**2 + f. Let p(s) = 6*s**3 + 7*s**2 + 6*s. Let o(z) = 4*i(z) - p(z). What is the units digit of o(-2)?
8
Let q(v) = v**2 - 2*v + 99. What is the tens digit of q(0)?
9
What is the units digit of 454/(-1)*(3 - (-14)/(-4))?
7
Let x(b) = b**3 - 4*b**2 + 2*b - 4. Let o be (-19)/3 + (-6)/9. Let h = 11 + o. What is the units digit of x(h)?
4
Suppose -5*v = 2*g - 5 - 49, -v = -4*g + 152. Let m = 61 - g. What is the units digit of m?
4
Let j(k) = -k**2 - 2*k - 2. Let h be j(-4). Let t = 21 + h. What is the units digit of t?
1
Suppose 0*q + 4 = 2*q. Let k = 16 - 9. Suppose q*z - 3*z = -k. What is the units digit of z?
7
Let c(f) be the first derivative of -f**2/2 - 4*f + 3. What is the units digit of c(-10)?
6
Let f(a) = -a**2 - 6*a + 3. Let z be f(-6). Let i(n) = -2*n**2 - 6. Let y(r) = -3*r**2 - r - 11. Let j(g) = 5*i(g) - 3*y(g). What is the units digit of j(z)?
3
Let w be ((-8)/3)/((-5)/15). Suppose -i - t + 15 = -w, -5*t = -2*i + 11. Let j = i + -8. What is the tens digit of j?
1
Suppose -5*n = -4*z - 178, 4*z = 2*n + 6*z - 82. What is the tens digit of n?
3
Let x(g) = -2*g. Let v(r) = -r. Let f be v(2). What is the units digit of x(f)?
4
Let d(a) = a**2 + 5*a + 2. What is the units digit of d(-9)?
8
Let p(s) be the first derivative of -s**2 + s - 1. Suppose n = 3*n - 4, -5*n + 19 = -3*q. What is the units digit of p(q)?
7
Let h = 18 - -11. What is the tens digit of h?
2
Let l(h) be the second derivative of h**3/2 - h**2/2 + h. Let m(y) = -y**3 - 3*y**2 - y - 2. Let s be m(-3). What is the units digit of l(s)?
2
Let v be 8/28 - (-200)/(-14). What is the units digit of (-7)/(v/(-4)) - -39?
7
Suppose 0 = 2*u + 1 - 9. Suppose -u*j = -0*j - 16. Let p = 8 - j. What is the units digit of p?
4
Let g = -107 - -168. What is the tens digit of g?
6
Let l = 74 - 44. What is the tens digit of l?
3
Let o = -31 + 91. What is the tens digit of o?
6
Let h(n) be the second derivative of n**3/6 + 5*n**2/2 - 2*n. What is the units digit of h(7)?
2
Let t(c) = -c**3 - 6*c**2 + c - 3. What is the tens digit of t(-7)?
3
Suppose -a + 111 = 2*g + 2*a, 0 = -5*g - 4*a + 295. Suppose -4*z + 65 = -g. What is the tens digit of z?
3
Suppose 3*o + o - 22 = b, -3*o + 5*b = -25. Suppose -o*g = 3*n + 20, -3*g = n + n + 11. Let p = 12 + g. What is the units digit of p?
5
Suppose 0 = -3*n + 621 - 75. What is the hundreds digit of n?
1
Let p be (-8)/(-3) - (-6)/(-9). Let d be 0/(1/(-1) + p). What is the tens digit of (d + 1 + -2)*-11?
1
Let r = 56 + -23. What is the tens digit of r?
3
Suppose -2*m - w - 63 + 167 = 0, 4*m - 5*w - 194 = 0. What is the tens digit of m?
5
Suppose 3*b = -4*h - 15, 0*b + 5 = 4*h - b. Let k(y) = y + 11. What is the units digit of k(h)?
1
Let c be 5 + (3 - 4)*0. Suppose -a - 4 = -0*d + d, -a + c*d - 16 = 0. What is the units digit of (-52)/(-3) - (-2)/a?
7
Let b(z) = -z**3 - 4*z**2 + 1. What is the units digit of b(-4)?
1
Suppose -8 = -2*r - 0*r, 4*a - 240 = -r. Let u = a + -33. What is the units digit of u?
6
Suppose 0 = -5*m + 3*b + 404, -4*m + 2*b + 334 = 5*b. What is the tens digit of m?
8
Let b = -7 + 11. Let s be (-6)/(-24) - (-15)/b. Suppose -5*l - 20 = 0, s*d + 0*d = -2*l + 8. What is the units digit of d?
4
Let g(l) = -2*l - 5. Let m be g(-4). Suppose -6 = z - m*z. Suppose 0 = z*s - 5*s - 3*d + 14, -2*s + 14 = 5*d. What is the units digit of s?
7
Suppose 3*r + 20 = 7*r. Suppose 76 = -u + r*u. What is the tens digit of u?
1
What is the tens digit of 1/(-15)*-3 - (-1776)/20?
8
Suppose 0 = -4*x + 2*x + 44. What is the units digit of x?
2
Let m = -4 - -3. What is the tens digit of (5 - 0)/(m/(-2))?
1
Let t = 8 - 5. Let k be (t/6)/(3/(-102)). Let o = -11 - k. What is the units digit of o?
6
Let n(v) = -v**2 + 5. Let t be n(0). Suppose t*w + 2 = 17. What is the units digit of w?
3
What is the hundreds digit of (-1 + 0)/(11616/(-1290) + 9)?
2
Suppose 5*a - 61 = 19. What is the tens digit of 396/a - 1/(-4)?
2
Let o be (-14)/49 + 37/7. Let w be 2*(11 + (-4 - -3)). What is the units digit of 5/4 - o/w?
1
Suppose 2*i + 4*g = 90, -30 = -4*i + 3*g + 117. What is the tens digit of i?
3
Let d be 1/(((-12)/(-15))/4). Suppose -2*o + 4*b + 25 = -o, -4*b + 5 = d*o. What is the units digit of o?
5
Let m = 21 - 10. What is the tens digit of m?
1
Let m be 45/27 + (-4)/(-3). Suppose -2 = 5*s - b - 61, -3*s - m*b + 39 = 0. What is the units digit of s?
2
Let h be (-24)/16*(-8)/6. Let g(v) = -v + 0*v - v + v**h. What is the units digit of g(4)?
8
What is the units digit of 186*((-16)/(-12